 29767 = -2*z - 13617. List the prime factors of n.
109, 199
Let s(h) = h - 10. Let w be s(8). Let g be -1*(w + -354 + -2). Suppose 6*t - g = -4*m + 4*t, 4*m - 2*t - 354 = 0. What are the prime factors of m?
89
Let d(c) = -69*c**3 + c**2 + 1. Let n(r) = 104*r**3 - r**2 - r - 1. Let k(j) = 7*d(j) + 5*n(j). List the prime factors of k(2).
2, 37
Let r(z) = 12*z + 11. Let c(p) = -4*p - 4. Let a(i) = -8*c(i) - 3*r(i). Let s = 3232 - 3242. List the prime factors of a(s).
3, 13
Suppose -4*k + 3498 = -9934. Let o = k + -2283. What are the prime factors of o?
5, 43
Suppose 1153*l = 1131*l + 244948. What are the prime factors of l?
2, 19, 293
What are the prime factors of 976/(-4)*(-6 + 1729/(-52))?
61, 157
Let b be (-18746)/35 - (-2 + 60/25). What are the prime factors of (-189)/18*b/6?
2, 7, 67
Suppose u = -4*t + 2*t - 55, -4*u = 2*t + 70. Let r(n) = 10*n**2 - n + 3. Let m be r(-2). Let w = m + t. List the prime factors of w.
2, 5
Suppose 441*z - 430*z - 46893 = 0. List the prime factors of z.
3, 7, 29
Suppose 100*w - 677566 = 59*w. What are the prime factors of w?
2, 8263
Suppose -j = j + 2*z - 10, 5*j - 5*z = -5. Let d be -2*(290/(-4) + j). Let x = d + 66. List the prime factors of x.
3, 23
What are the prime factors of (-41)/(410/(-606400)) - 21?
13, 4663
List the prime factors of (-6 - (-20)/16 - -5) + 32599/4.
2, 5, 163
Let u = -3593 - -9511. What are the prime factors of u?
2, 11, 269
Suppose -5*a = -a - 3*c - 11777, 3*c + 2951 = a. Suppose 4*d + 2293 = 5*g - a, 4209 = 4*g + d. What are the prime factors of g?
1051
Let s(r) = 7*r**2 + 4*r - 26. Let t(y) = y**2 - 1. Let w(m) = s(m) - 6*t(m). Let j be w(-9). List the prime factors of j*14*(-10)/(-25).
2, 5, 7
Suppose 650*z + 27171 = 651*z. What are the prime factors of z?
3, 3019
Suppose 1497 = 9*m + 363. Let j = m - 120. List the prime factors of ((-87)/1)/3*(-9 + j).
3, 29
Let d(x) = x**2 + 19*x + 18. Let n(v) = v**2 + 18*v + 17. Let j(y) = -3*d(y) + 2*n(y). Let l be j(-9). Suppose -2*z + 232 = -l. What are the prime factors of z?
2, 5
List the prime factors of 16895/1 + -3 + -1 + 3.
2, 8447
Suppose 4*q - 23*q = -21*q + 3670. List the prime factors of q.
5, 367
Let b(c) = 22*c + 32. Let a be b(-3). Let z = 575 + a. What are the prime factors of ((-1)/4 - z/(-4)) + -4?
131
Let t = 1940 + -1317. Let d = t + 297. What are the prime factors of d?
2, 5, 23
Let k(s) = 2*s + 20. Suppose 0*h - 3*h = 27. Let d be k(h). Suppose -516 = -4*b - d*g, 4*b = 4*g + 443 + 97. What are the prime factors of b?
131
Let s be (12/14)/(15/1820). Suppose -3*h = 3*g - 210, -4*g + 5*h + s + 176 = 0. List the prime factors of g.
2, 5, 7
Let i = 1 - 1. Suppose i = -5*j - 9 + 24. What are the prime factors of 3 + 157/2 - j/(-6)?
2, 41
Suppose -6*x = -4*l - x - 20773, -5*l - 25962 = -2*x. List the prime factors of l/(-12) + 10/(-15).
2, 3
Suppose -i - 33*d + 669 = -38*d, -709 = -i - 3*d. List the prime factors of i.
2, 347
Let p(v) = -24*v**3 - 18*v**2 - 48*v - 916. What are the prime factors of p(-15)?
2, 38377
Suppose 2*t - 20 = 2*i, -20 - 20 = 3*i - 5*t. Let v be (-2)/i + (-344)/10. Let b = -4 - v. What are the prime factors of b?
2, 3, 5
Let a = 2136 - 1199. Suppose 24*g + 3*f - 2802 = 21*g, 0 = -g - 2*f + a. List the prime factors of g.
7, 19
What are the prime factors of 6/(-20) + 19780558/2660?
2, 11, 13
Let d(p) = 3466*p + 352. List the prime factors of d(2).
2, 3, 607
Let a(d) = -15*d - 76. Let f be a(-5). List the prime factors of f*(-4 - -4) + 46.
2, 23
Let h(k) = -k**2 - 6*k + 7. Let t be h(-7). Suppose -v + t*v = -149. List the prime factors of v/(-5)*(-25)/5.
149
Let m be 21/9 + 8/(-6). Let j be (283 - 0 - m)*2/4. List the prime factors of (j/(-6))/((-4)/24).
3, 47
Let w(f) = f**2 - 12*f - 1. Let n be w(16). Suppose b - n = 110. Let i = -90 + b. List the prime factors of i.
83
Let r = 35 + -339. Suppose -36*u = -43*u - 49. List the prime factors of -1*(u - -4) + r/(-2).
5, 31
Suppose -5*y + 29180 = 5*g, -368*y = -373*y - 4*g + 29175. List the prime factors of y.
7, 17
Let h = 3082 + -4514. Let m = -902 - h. List the prime factors of m.
2, 5, 53
Suppose -13*v - 5 = -135. Let x(s) = 43*s + 61. List the prime factors of x(v).
491
Suppose 110*v = 28*v + 51086. List the prime factors of v.
7, 89
Suppose 636030 = -844*j + 881*j. List the prime factors of j.
2, 3, 5, 191
Let w(r) = 19*r + 25. Let v(i) = 10*i + 12. Let p(f) = -5*v(f) + 2*w(f). Let b be -7 - (9/(-3) + 1). What are the prime factors of p(b)?
2, 5
Let m = 7137 + -1102. List the prime factors of m.
5, 17, 71
Let b = -20 - -34. Let w = 23 - b. Suppose -5*h - 277 = -4*v, 4*h - w = 3. What are the prime factors of v?
73
Let z be ((-38)/3)/((1/(-21))/1). Suppose -5*s - 3011 = -4*c + z, 5*c = 5*s + 4095. What are the prime factors of c?
2, 409
Suppose -n - 12 = 4*p + 94, -p + 509 = -5*n. Suppose -599 + 38 = 3*t. Let h = n - t. What are the prime factors of h?
5, 17
Suppose 2*y + 14 = y. Let j(a) = a + 24. Let s(n) = -11*n + 138. Let w(x) = -6*j(x) + s(x). List the prime factors of w(y).
2, 29
Suppose 91*w - 90*w = -407. Let u = -56 - w. What are the prime factors of u?
3, 13
Let k(m) = m**2 + 14*m + 50. Let w be k(-8). Suppose 4*a - 1198 = -3*j, -4*j = -7*a + w*a - 1556. What are the prime factors of j?
2, 197
Let d(u) = 48*u - 36. Let i be d(1). What are the prime factors of (-1015)/70*i/(-2)?
3, 29
Let y = -4102 + 7325. What are the prime factors of y?
11, 293
Suppose 4*s = 4*q - 1447 - 5061, 4885 = -3*s + q. Let p = -878 - s. List the prime factors of p.
751
Let j = 133 - 44. Let n = 94 - j. What are the prime factors of (n + 52/(-12))*282?
2, 47
Let g = 656 - 1196. Let y = g + 911. List the prime factors of y.
7, 53
What are the prime factors of (150 - 165)*11234/(-10)?
3, 41, 137
Let k be ((-2)/3)/((-3)/(198/(-4))). Let f(g) = g**3 + 11*g**2 + 2. Let z be f(k). Suppose z*v - 290 = -3*v. What are the prime factors of v?
2, 29
Let b(v) = -v + 53. Let j = 67 - 63. Let c(w) = -54. Let h(u) = j*b(u) + 3*c(u). List the prime factors of h(-5).
2, 5, 7
Let i(z) = 503*z - 247. List the prime factors of i(5).
2, 3, 7
Let b(a) be the third derivative of -a**4/24 + 11*a**3/6 - 6*a**2. Let c be (1 - -27)*((-51)/6)/17. What are the prime factors of b(c)?
5
Suppose -3336 + 47858 = 13*u - 123854. List the prime factors of u.
2, 1619
Let p(o) = o**2 + 3*o + 2. Let z be p(-3). Suppose t - 334 = z*t + 2*j, -2*t + j - 648 = 0. List the prime factors of 3*(t/(-6) + -4).
151
Suppose 3*v = 2*n + 1474, -2430 = -5*v - 6*n + 4*n. Let c = v - 195. What are the prime factors of c?
293
Let z = 298 + -135. Let q be (-368)/(-4) + 2*-1. Let w = z - q. What are the prime factors of w?
73
Let h(j) = 109*j**2 - 6*j + 5. What are the prime factors of h(-6)?
5, 13, 61
Let q(x) = -125*x + 581. List the prime factors of q(-15).
2, 307
Suppose 3*a - 517*j - 18621 = -521*j, 0 = -5*j + 30. List the prime factors of a.
6199
Let q(b) = 4401*b**2 - 22*b - 23. What are the prime factors of q(-1)?
2, 5, 11
Suppose 0 = -3*k + 4*r - 20, 5 - 15 = 2*k - r. Let p be 2*1/(k/(-8)). What are the prime factors of p + (4/20 - (-34)/5)?
11
Let a(r) = -90*r + 5. Let s(q) = -q**3 - 6*q**2 + 28*q + 2. Let i be s(-9). What are the prime factors of a(i)?
5, 127
Suppose -13*w = 15*w - 313348. What are the prime factors of w?
19, 31
Let n = 152 + 1256. Suppose -5*g - 11*g = -n. What are the prime factors of g?
2, 11
Let c be 10/((-2)/2*-2). Suppose -5*k = 0, 5*y - 5*k = 24 - 4. Suppose c*w - 2*m - 362 = 0, 3*w = y*m + 186 + 34. What are the prime factors of w?
2, 3
Let f = -37214 - -98039. List the prime factors of f.
3, 5, 811
Let o = 6 + -1. Suppose o*x + 29 = s, 1 = -s - x - 0. Suppose -2*z - c + 141 = 4*c, s*z = -5*c + 307. List the prime factors of z.
83
Let r(w) = -11*w**2 - 8*w + 10. Let s(f) = -10*f**2 - 7*f + 12. Let h(k) = -7*r(k) + 6*s(k). List the prime factors of h(4).
2, 3, 5, 11
Suppose -4*w - 2 = -6. Let d(f) = 76*f + 5. Let h be d(w). Let m = h - 66. What are the prime factors of m?
3, 5
Suppose -2*y + 1260 = 16*y. Suppose -y*v = -69*v - 879. List the prime factors of v.
3, 293
Let n be -53 + ((-3)/9)/((-2)/(-12)). List the prime factors of 2/(-11) - 23825/n.
433
Let z be (8 - -3) + 4 - -3. Let a(t) = -2*t**2 + 12*t + 30. Let h be a(z). List the prime factors of 3/(-12) - h/8.
2, 5
Let s = -164 - -2